tor of 13 and p?
13
Let i = 1 + 3. Let x(o) = o**2 + 2*o - 4. Let v be x(i). Calculate the highest common factor of v and 20.
20
Let f(g) = 2*g + 6. Suppose -3*h - 5*d - 6 = -0, -27 = -4*h + 5*d. Let p be f(h). What is the greatest common divisor of 8 and p?
4
Suppose -9*h - 588 = -15*h. What is the highest common factor of 7 and h?
7
Let p be (-1)/(-3) - 357/(-9). Suppose -2*d - p = -7*d. Suppose 4*r = d*r - 48. What is the greatest common divisor of 96 and r?
12
Let q be 1*7*(108/(-42) + 4). What is the highest common divisor of q and 10?
10
Let y = -81 + 123. What is the greatest common factor of 28 and y?
14
Suppose 4*a - 415 = -55. Suppose 20 = u + 2*n - 0*n, -5*n + 77 = 4*u. What is the greatest common factor of u and a?
18
Suppose l = -0 + 3. Let v be l*(1 + 16/12). What is the greatest common factor of v and 14?
7
Suppose 2*d = d + 2. Suppose 5*j = 2*g + 4, 10 = -j + 3*j + d*g. Suppose j*t - 210 = -0*t. Calculate the greatest common factor of t and 42.
21
Let b be 3/(-2)*(-5 + 3). Suppose -q = 2*h + b*q - 26, 35 = 5*h - 5*q. Calculate the greatest common divisor of h and 9.
9
Suppose 5*l + 43 = 118. Let u = 3 - 0. Let k(s) = s**3 - s**2 - s. Let w be k(u). Calculate the greatest common factor of w and l.
15
Suppose -j - 5 = -12. Let o = 79 - 65. What is the highest common factor of j and o?
7
Let k(x) = 13*x - 3. Let y be k(6). What is the highest common factor of y and 15?
15
Let a(r) = -r**3 + 8*r**2 - 6*r + 1. Let t be a(7). Calculate the highest common divisor of 1 and t.
1
Suppose a - 2*a - 2 = 0. Let c be (a/6)/(8/(-72)). Suppose -c*q + 4*v = -28, -q - v = -11 + 4. What is the greatest common divisor of 1 and q?
1
Suppose -2*s + 0*s + 64 = 0. Calculate the highest common divisor of s and 24.
8
Let h be 1*75 - 39/13. What is the highest common divisor of 8 and h?
8
Let v(b) = 7*b + 92. Let z be v(-11). Suppose -3*a + 30 = -3*j, 2*a + 5*j = -a - 10. What is the greatest common divisor of z and a?
5
Suppose -4*z - 20 = -3*d, -5*d + 38 = -5*z - 2. Calculate the greatest common factor of 18 and d.
6
Suppose -3*b = -5*m - 173, -3*b + 4*b + m = 47. What is the greatest common divisor of 204 and b?
51
Let x be (284/(-6))/(14/(-147)). Let d be x/5 - (-14)/(-35). What is the greatest common factor of d and 9?
9
Suppose -k + 0*i - 3*i + 24 = 0, 0 = 5*k + i - 50. Calculate the greatest common factor of 72 and k.
9
Suppose -24 = -3*w - 4*d, 0 = -4*w - d - 2*d + 25. Let g be 14/(w - (-4 + 7)). Calculate the greatest common factor of 21 and g.
7
Suppose 2*g + 0*g - 170 = 0. Suppose 139 = 4*z + o, 108 = 5*z + 3*o - 71. Calculate the greatest common divisor of g and z.
17
Let h = 0 - -1. Let g be (3 + (-196)/(-4))*h. What is the highest common divisor of g and 13?
13
Suppose 0 = 2*i - 5*i + 36. What is the highest common factor of 24 and i?
12
Let r be ((-138)/(-15))/(8/20). What is the highest common divisor of 46 and r?
23
Let t = -226 - -330. What is the greatest common factor of 13 and t?
13
Let t = -6 + 36. Calculate the greatest common divisor of 30 and t.
30
Let c(p) = -11*p + 4. Let b be c(3). Let a = b + 49. Suppose -250 = 2*z - 7*z. Calculate the greatest common factor of a and z.
10
Suppose 0 = 2*o - 42 - 38. Suppose 0 = -t - 3*t + o. What is the highest common divisor of t and 80?
10
Let b be -2 + 0 + 1 + 340 - -3. What is the greatest common divisor of 18 and b?
18
Let c(g) = 13*g**2 + 4*g - 3. Let m be c(4). Suppose 5*a + 894 = -m. Let f = -132 - a. Calculate the greatest common factor of f and 13.
13
Let b(c) = -3*c + 3. Let w be b(-5). Let x be (-360)/(4/(-1)) + 0. Calculate the highest common divisor of x and w.
18
Suppose 2*u - 5*l = 130, 5*u - 2*u + 4*l = 149. Calculate the highest common divisor of u and 11.
11
Let q be -1*4 + 540/15. Calculate the highest common divisor of 256 and q.
32
Suppose -4*u = 4*n + 2 - 42, -4*u + 3*n + 33 = 0. Let v = u + 39. Calculate the greatest common divisor of v and 12.
12
Let j(p) = p**3 + 6*p**2 + 6*p + 3. Let z be j(-4). Let f = -125 + 202. What is the highest common divisor of f and z?
11
Let s = -8 + 13. Let q = s + 9. What is the greatest common factor of 7 and q?
7
Let d = -32 - -112. Let i = -5 - -1. Let g(t) = -t**3 - 2*t**2 - t - 4. Let q be g(i). Calculate the greatest common factor of q and d.
16
Let p(j) = 26*j**2 - 3*j - 5. Let f be p(-2). What is the highest common divisor of f and 15?
15
Let g = -14 - -38. What is the greatest common factor of 3 and g?
3
Suppose 0 = -3*j + 5*j - 52. What is the highest common factor of j and 13?
13
Let a be 2 + -4 + (4 - 2). Suppose -3*m + 5*i + 73 = 3*i, a = -m - 2*i + 11. Calculate the highest common divisor of 14 and m.
7
Let h = 438 - 218. Suppose -5*k = -5*l - 10, 4*k - 22 = -5*l + k. Suppose 0 = -l*r + 3*r - 20. Calculate the greatest common divisor of r and h.
20
Let o = -69 + 117. What is the highest common factor of 6 and o?
6
Let i be 18/2*(-2)/6. Let q be 3 + (192 - (i + 0)). What is the highest common factor of 18 and q?
18
Let w = -30 + -8. Suppose 25 = 6*d - 7*d. Let m = d - w. Calculate the highest common factor of 13 and m.
13
Let v(p) = p**2 - 6*p + 5. Suppose 3*r = 3*g - 7*g + 26, -5*r - g = -32. Let a be v(r). What is the greatest common divisor of 15 and a?
5
Let t be 8/6*(-2 + 89). Suppose -60 = -a - 3*d, 4*d = -2*a + 2*d + t. Calculate the greatest common divisor of a and 38.
19
Let m = 2 + 0. Let t be (-15)/10*190/(-15) - 1. What is the greatest common divisor of m and t?
2
Let w(q) = 11*q**3 - 2*q**2 + 2. Let z be w(1). Calculate the highest common factor of z and 286.
11
Suppose -11 = 2*l - 23. Let v(u) = 27*u. Let z be v(2). What is the greatest common factor of l and z?
6
Let z(o) = -o**2 + 5*o + 37. Let t be z(9). What is the greatest common factor of t and 5?
1
Suppose -8*i + 129 = -671. Calculate the highest common factor of 25 and i.
25
Let d be -1 - (-2*25 + 1). Suppose 4*p + 68 = -2*m + 284, -p + d = 2*m. Suppose 3*b + 0 = 21. What is the highest common factor of p and b?
7
Suppose 2*q - 120 = 4*o, 2*q - 2*o - 88 = 32. Suppose 10 + q = 7*r. What is the greatest common divisor of r and 10?
10
Let s = 57 - -51. Let l = 36 - 24. Calculate the highest common divisor of s and l.
12
Let v = 26 - 18. Let d(w) = 5*w**2 + w - 2. Let r be d(2). Calculate the greatest common factor of v and r.
4
Suppose -b + 4*v = -5, 11 = -0*b - b - 4*v. Let m(i) = 4 - 2 - 16*i - 2. Let n be m(b). Calculate the greatest common divisor of 12 and n.
12
Let i be 8/2*2/4. Let m be ((-112)/(-20))/(i/10). Let h be 1 + (2 - -1)*m. Calculate the greatest common factor of 17 and h.
17
Suppose 12*b - 392 - 304 = 0. Calculate the highest common factor of 522 and b.
58
Let u = 32 - 15. Suppose 0 = 4*m + 36 - 376. Calculate the greatest common divisor of m and u.
17
Suppose -5*l = -3*c - l + 168, -c + 72 = 4*l. Calculate the highest common factor of 24 and c.
12
Suppose -4*z + g + 10 = 0, 4*z + 2*g - 4 = -0*z. Calculate the highest common divisor of 1 and z.
1
Let h(w) = -w - 4. Let k be h(-6). Suppose 2*b - 3*f = -k*f + 27, 4*b = -2*f + 58. Let i = 200 - 88. Calculate the highest common factor of b and i.
14
Suppose 27 = n + 5. What is the highest common divisor of n and 99?
11
Suppose -40 + 0 = -5*s. What is the highest common divisor of s and 8?
8
Let f(z) = 11*z - 9. Let y be f(6). Suppose 50 = 5*b + 3*q, b + 3*b - q = y. Let v be (-2)/8 - (-210)/8. Calculate the greatest common divisor of b and v.
13
Let w be (-2 - -31) + (2 - 6). What is the greatest common divisor of w and 10?
5
Suppose 5*j - 35 = -5*c, 0 = -j - 3*j + 12. Suppose u = -n + 15, -u + 30 = -0*u - c*n. Calculate the highest common divisor of u and 27.
9
Let y(h) = -2*h**2 + 12*h + 4. Let j be y(5). Calculate the highest common factor of j and 98.
14
Suppose 0 = -w - 2*w. Let d = w - 3. Let l be (d/(-5))/(1/15). What is the greatest common divisor of 1 and l?
1
Suppose 0 = 4*i - 3*s - 20, 2*i + 2*i = -4*s + 48. Calculate the highest common divisor of 8 and i.
8
Let v be 65 - (-1)/(3 + -6)*-3. What is the greatest common divisor of v and 33?
33
Suppose 0 = 3*d - 3*v - 15, d = -d + 4*v + 12. Let w(g) = -2 + g + d + 4. Let l be w(6). Calculate the greatest common factor of l and 84.
12
Suppose 5*s - 47 + 0 = -4*j, 12 = 4*j. Suppose -16 + 3 = -5*o + 4*c, 0 = -5*o + c + s. Let p be 3 